
5
What is the tens digit of 345?
4
What is the units digit of 124?
4
What is the tens digit of 2146?
4
What is the tens digit of 281?
8
What is the tens digit of 5449?
4
What is the hundreds digit of 5133?
1
What is the units digit of 604?
4
What is the units digit of 12969?
9
What is the hundreds digit of 283?
2
What is the tens digit of 819?
1
What is the tens digit of 33348?
4
What is the tens digit of 97555?
5
What is the hundreds digit of 65230?
2
What is the tens digit of 16235?
3
What is the ten thousands digit of 45580?
4
What is the hundreds digit of 2033?
0
What is the units digit of 706?
6
What is the tens digit of 763?
6
What is the units digit of 7093?
3
What is the thousands digit of 10678?
0
What is the thousands digit of 11020?
1
What is the hundreds digit of 665?
6
What is the hundreds digit of 1332?
3
What is the units digit of 78520?
0
What is the hundreds digit of 6956?
9
What is the tens digit of 3204?
0
What is the tens digit of 72721?
2
What is the units digit of 4196?
6
What is the units digit of 977?
7
What is the thousands digit of 5313?
5
What is the thousands digit of 23251?
3
What is the units digit of 282?
2
What is the hundreds digit of 9060?
0
What is the thousands digit of 6098?
6
What is the thousands digit of 1302?
1
What is the hundreds digit of 510?
5
What is the thousands digit of 5117?
5
What is the units digit of 20358?
8
What is the tens digit of 2175?
7
What is the thousands digit of 17182?
7
What is the hundreds digit of 853?
8
What is the thousands digit of 40999?
0
What is the thousands digit of 56436?
6
What is the tens digit of 7409?
0
What is the hundreds digit of 2526?
5
What is the thousands digit of 93253?
3
What is the thousands digit of 4137?
4
What is the thousands digit of 22103?
2
What is the tens digit of 796?
9
What is the units digit of 3205?
5
What is the hundreds digit of 327?
3
What is the units digit of 51776?
6
What is the tens digit of 3562?
6
What is the thousands digit of 7844?
7
What is the thousands digit of 1808?
1
What is the hundreds digit of 17804?
8
What is the tens digit of 2084?
8
What is the thousands digit of 5441?
5
What is the units digit of 1072?
2
What is the hundreds digit of 3685?
6
What is the hundreds digit of 526?
5
What is the units digit of 419?
9
What is the hundreds digit of 802?
8
What is the units digit of 11704?
4
What is the units digit of 4242?
2
What is the units digit of 1004?
4
What is the units digit of 6353?
3
What is the tens digit of 54455?
5
What is the units digit of 103?
3
What is the tens digit of 40955?
5
What is the tens digit of 4904?
0
What is the hundreds digit of 4486?
4
What is the units digit of 75909?
9
What is the hundreds digit of 3482?
4
What is the tens digit of 8116?
1
What is the units digit of 23803?
3
What is the thousands digit of 8719?
8
What is the hundreds digit of 2922?
9
What is the tens digit of 25506?
0
What is the hundreds digit of 1906?
9
What is the units digit of 2519?
9
What is the hundreds digit of 2104?
1
What is the thousands digit of 1381?
1
What is the tens digit of 1513?
1
What is the tens digit of 760?
6
What is the hundreds digit of 9719?
7
What is the units digit of 195?
5
What is the units digit of 149227?
7
What is the units digit of 3511?
1
What is the hundreds digit of 27117?
1
What is the hundreds digit of 3727?
7
What is the tens digit of 28248?
4
What is the hundreds digit of 71934?
9
What is the tens digit of 169?
6
What is the units digit of 54276?
6
What is the thousands digit of 12069?
2
What is the units digit of 769?
9
What is the ten thousands digit of 122115?
2
What is the hundreds digit of 11993?
9
What is the units digit of 321?
1
What is the tens digit of 8079?
7
What is the tens digit of 755?
5
What is the units digit of 4947?
7
What is the thousands digit of 4208?
4
What is the tens digit of 4794?
9
What is the hundreds digit of 581?
5
What is the units digit of 752?
2
What is the thousands digit of 69367?
9
What is the hundreds digit of 6757?
7
What is the tens digit of 486?
8
What is the thousands digit of 2055?
2
What is the units digit of 4273?
3
What is the hundreds digit of 1750?
7
What is the hundreds digit of 2094?
0
What is the units digit of 9279?
9
What is the thousands digit of 68276?
8
What is the hundreds digit of 20304?
3
What is the hundreds digit of 43105?
1
What is the hundreds digit of 2206?
2
What is the hundreds digit of 40050?
0
What is the units digit of 10094?
4
What is the thousands digit of 13930?
3
What is the units digit of 19445?
5
What is the hundreds digit of 572?
5
What is the hundreds digit of 4223?
2
What is the units digit of 905?
5
What is the thousands digit of 22163?
2
What is the units digit of 694?
4
What is the tens digit of 3252?
5
What is the units digit of 916?
6
What is the hundreds digit of 8439?
4
What is the tens digit of 2040?
4
What is the ten thousands digit of 56949?
5
What is the units digit of 127200?
0
What is the hundreds digit of 2051?
0
What is the thousands digit of 32536?
2
What is the tens digit of 6716?
1
What is the tens digit of 2263?
6
What is the units digit of 4040?
0
What is the tens digit of 852?
5
What is the units digit of 118855?
5
What is the hundreds digit of 1936?
9
What is the units digit of 5959?
9
What is the thousands digit of 59081?
9
What is the hundreds digit of 138?
1
What is the ten thousands digit of 23676?
2
What is the tens digit of 1607?
0
What is the thousands digit of 1378?
1
What is the hundreds digit of 28908?
9
What is the tens digit of 22602?
0
What is the hundreds digit of 15997?
9
What is the units digit of 887?
7
What is the hundreds digit of 1193?
1
What is the units digit of 874?
4
What is the tens digit of 1594?
9
What is the tens digit of 242?
4
What is the thousands digit of 22159?
2
What is the units digit of 1093?
3
What is the hundreds digit of 7589?
5
What is the units digit of 1646?
6
What is the units digit of 1108?
8
What is the thousands digit of 1118?
1
What is the hundreds digit of 32220?
2
What is the ten thousands digit of 97312?
9
What is the units digit of 132818?
8
What is the units digit of 3561?
1
What is the thousands digit of 184680?
4
What is the hundreds digit of 19399?
3
What is the hundreds digit of 6400?
4
What is the hundreds digit of 34986?
9
What is the hundreds digit of 920?
9
What is the ten thousands digit of 17546?
1
What is the thousands digit of 5625?
5
What is the units digit of 21339?
9
What is the tens digit of 676?
7
What is the tens digit of 2236?
3
What is the tens digit of 42150?
5
What is the units digit of 21408?
8
What is the units digit of 468?
8
What is the units digit of 123?
3
What is the hundreds digit of 18515?
5
What is the ten thousands digit of 60605?
6
What is the thousands digit of 42632?
2
What is the units digit of 29152?
2
What is the tens digit of 18940?
4
What is the units digit of 1432?
2
What is the thousands digit of 2422?
2
What is the tens digit of 25792?
9
What is the thousands digit of 19627?
9
What is the hundreds digit of 8561?
5
What is the tens digit of 42705?
0
What is the hundreds digit of 3954?
9
What is the tens digit of 43061?
6
What is the thousands digit of 1339?
1
What is the hundreds digit of 1463?
4
What is the units digit of 4052?
2
What is the units digit of 9493?
3
What is the thousands digit of 25065?
5
What is the units digit of 140456?
6
What is the ten thousands digit of 18498?
1
What is the hundreds digit of 1050?
0
What is the thousands digit of 2145?
2
What is the units digit of 189?
9
What is the tens digit of 470?
7
What is the tens digit of 3544?
4
What is the units digit of 1108?
8
What is the units digit of 1462?
2
What is the hundreds digit of 877?
8
What is the ten thousands digit of 71317?
7
What is the hundreds digit of 5513?
5
What is the units digit of 1845?
5
What is the hundreds digit of 9858?
8
What is the thousands digit of 8853?
8
What is the tens digit of 483?
8
What is the units digit of 10823?
3
What is the hundreds digit of 68498?
4
What is the thousands digit of 38971?
8
What is the thousands digit of 7003?
7
What is the thousands digit of 9456?
9
What is the units digit of 1775?
5
What is the hundreds digit of 582?
5
What is the hundreds digit of 34256?
2
What is t